atest common factor of 7 and s?
7
Suppose 0 = 2*z + z - 18. Suppose -b - z + 31 = 0. Suppose s + 245 = 5*y, 2*s - 60 = -0*y - y. What is the greatest common divisor of y and b?
25
Let c = -10 - -106. Let g(f) = -f**2 + 111*f + 1282. Let n be g(-10). Calculate the greatest common divisor of c and n.
24
Let j = -582 - -886. Calculate the highest common divisor of j and 380.
76
Let o(w) = w**3 + 13*w**2 + 13*w - 51. Let b be o(-8). What is the highest common divisor of b and 935?
55
Let d be (2/6)/((-61)/(-13359)). What is the highest common factor of d and 146?
73
Let u be (-1)/(-3*(-7)/(-1260)). Calculate the highest common factor of u and 150.
30
Let j be (-6)/(-33) - 276/66. Let g be (1944/32)/((-1)/j). Calculate the greatest common divisor of g and 27.
27
Suppose -8 = 3*a + 7, -y + 2*a + 164 = 0. Let s(l) = -6*l + 2. Let h = -29 - -27. Let o be s(h). Calculate the greatest common factor of o and y.
14
Let j be (2/(-4))/(5/(-170)). Let g = -56 + 274. Suppose -2*o = -g - 54. What is the greatest common divisor of j and o?
17
Let v(g) = g**2 + 16*g. Let n = 3 - 20. Let s be v(n). Let u(p) = 25*p + 1. Let q be u(2). Calculate the highest common divisor of q and s.
17
Let q = -11540 - -11588. Suppose 4*b - 329 = -129. Suppose b = 5*j - j - h, 5*j = -h + 58. Calculate the highest common factor of j and q.
12
Let n be (-80)/(-760) + (-777)/(-19). Calculate the greatest common divisor of n and 697.
41
Let s(m) be the second derivative of m**5/20 + 3*m**4/4 - 2*m**2 - 17*m. Let b be s(-8). What is the highest common factor of b and 20?
20
Suppose 2*s - 31 = 3*l, 3*s - 5*l - 8 = 39. Suppose -7*t + 4*t = -r - 26, 0 = -t - 4*r - 13. Calculate the greatest common divisor of t and s.
7
Suppose -2*c + 2*p = -114, -4*c + 2*p + p + 233 = 0. Let r = c + -58. Calculate the greatest common divisor of r and 5.
1
Suppose 0 = 3*y - 12, 0 = 2*d - 0*d - 5*y + 178. Let n = -56 - d. Calculate the highest common divisor of 253 and n.
23
Let q(j) = j**2 + 2*j + 1. Let c be q(-4). Let r(v) = 2*v - 3 + v**3 - 9 + 2 - 8*v**2. Let f be r(8). Calculate the highest common divisor of f and c.
3
Suppose 0*j = 44*j - 2332. What is the greatest common factor of j and 2279?
53
Let f = 16 + 19. Suppose 0 = 4*m - 5*v + 4*v - f, -m = -v - 11. Suppose 0 = -5*w - 110 + 190. Calculate the greatest common divisor of m and w.
8
Let j(i) be the third derivative of i**5/60 - i**4/6 - 7*i**3/6 - i**2. Let k be 4/(-3)*(-9)/2. Let o be j(k). What is the highest common divisor of o and 20?
5
Suppose 5*z = -p + 56, 5*p - 47 = -z + 161. Suppose 3*k - 112 = p. Calculate the highest common factor of 17 and k.
17
Let s(y) = 3*y + 35. Let a be s(-3). Calculate the highest common divisor of a and 247.
13
Let b(n) = 4*n - 2. Let p be b(2). Let g(m) = -3*m - 66. Let u be g(0). Let d = 0 - u. Calculate the highest common factor of p and d.
6
Let t(a) = a**3 + 22*a**2 + 118*a + 22. Let v be t(-10). What is the highest common factor of 378 and v?
42
Suppose 252 = 3*i - h - 205, 613 = 4*i - 5*h. Let y(b) = b**2 + 4*b - 2. Let x be y(-7). Calculate the greatest common divisor of i and x.
19
Suppose -44*s = -39*s - 90. Suppose -135 = -17*a + s. What is the greatest common factor of 9 and a?
9
Let p(n) = -255*n - 15. Let f be p(-1). What is the highest common factor of f and 90?
30
Suppose 0 = -2*z - 0*z + 3*z. Suppose -5*i - 18 + 108 = z. Let l be 1*(2 + -3)*-27. Calculate the highest common divisor of i and l.
9
Let a(t) = -3*t**2 + 5*t. Let k be a(2). Let u be 408/108 + k/27*-3. What is the highest common divisor of 44 and u?
4
Let w = 2304 + -1299. Calculate the highest common factor of 15 and w.
15
Suppose -202 = -4*s - 34. Let m be 1/(-4) + (-46)/8. Let o = m + 12. What is the highest common factor of o and s?
6
Suppose 0 = -38*u + 29*u - 81. Suppose -4*p = 4*w - 12, 0*p + 27 = 3*p - 3*w. Let l = p - u. What is the highest common factor of l and 5?
5
Suppose 543 = 11*t - 1393. Let k = 7 - -9. What is the highest common divisor of t and k?
16
Suppose 5*l + 0*l = 50. Let n = -7 + l. Suppose -4*a = -n - 41. What is the greatest common factor of a and 33?
11
Let c be (-26)/((-1 - -2) + 1). Let t be 2/(-5 + 3)*c. Calculate the highest common factor of t and 143.
13
Let z = 57 - -48. Suppose 5*t + z = b + b, 2*b = 2*t + 114. Calculate the highest common factor of b and 12.
12
Let b be (-2)/10 + 129/(-5). Let s = -15 - b. Let q = 1200 + -1101. What is the highest common divisor of q and s?
11
Let j = 152 - 132. What is the highest common factor of 50 and j?
10
Let d = 9 + -6. Suppose 5*z - d*z - 32 = -2*w, 67 = 4*z + w. Suppose -x - 4*x - 15 = 0, -5*a - 4*x = -753. What is the highest common factor of z and a?
17
Let a(n) = -2*n - 1. Let r be a(-2). Suppose 4*y - 8 = 0, d - 440 = -r*d - 4*y. Suppose 5*u = 3*u + 24. Calculate the highest common factor of d and u.
12
Let q(d) = 119*d**2 + d. Let n be (-9)/(-12) + 2/8. Let i be q(n). Suppose -o = -v + 20, -87*v + 88*v = -2*o + 5. What is the highest common factor of i and v?
15
Let r = 526 - 522. What is the greatest common factor of 4 and r?
4
Suppose 49 = 5*p - 3*i, -2*i + 2 + 8 = 2*p. Suppose -2*g - p = -6*g. Let k = -442 - -460. What is the greatest common divisor of g and k?
2
Let u(b) = -3*b. Let m be u(-1). Suppose g = -m*g + 12. Suppose 0 = -2*y - 8*f + 3*f + 41, y + g*f = 19. Calculate the highest common factor of y and 70.
14
Suppose -1953 = -5*s - 16*s. Calculate the greatest common divisor of 186 and s.
93
Suppose -r + 388 = -h, 5*r - 528 - 1412 = h. Let k = -271 + r. Let w = k - 53. What is the highest common divisor of 8 and w?
8
Let d = 80 - 48. Let m = 22 + d. Calculate the highest common factor of m and 18.
18
Suppose -5*s - 104 = 2*u, -3*s + 192 - 471 = 5*u. Let p be (u/(-76))/(1/32). What is the highest common divisor of p and 12?
12
Suppose -2*q = -605 + 557. Calculate the highest common divisor of 258 and q.
6
Let y = 1 - -5. Suppose -y*o + 15 = -5*o. Calculate the greatest common divisor of 45 and o.
15
Let x(n) = -2*n**2 + 4*n + 4. Let q be x(4). Let a be (-6)/q + 18/4. Let f be 14/4*(144/8 - 8). Calculate the highest common divisor of f and a.
5
Suppose 0 = -2*v + 4 + 80. Let z be 318/15 + -1*4/20. What is the greatest common factor of v and z?
21
Suppose -8*m = 2421 - 5853. Calculate the greatest common divisor of m and 33.
33
Suppose -3*x + 12 = x. Let w = -13 + x. Let q be 146/10 + (-4)/w. What is the highest common factor of 3 and q?
3
Let v be 10/(-20)*12 + 50. What is the highest common divisor of 16 and v?
4
Let i(q) = 2*q - 4. Let d(t) = -t**2 - 10*t - 7. Let k be d(-9). Suppose -k = v - 6. Let h be i(v). What is the highest common divisor of h and 36?
4
Suppose -2*n = n - 6. Let c be (n - 3) + (-3)/(-1). Suppose -c*i - 66 = -6*i - g, 3*i - 45 = -3*g. What is the greatest common divisor of 17 and i?
17
Suppose -5*a - 5*d + 315 - 75 = 0, 3*d = 2*a - 71. Calculate the highest common factor of a and 860.
43
Suppose 5*u = 288 + 362. Calculate the highest common divisor of u and 30.
10
Suppose -180 = -r + 84. Calculate the greatest common divisor of r and 24.
24
Let m(f) = f**3 - f**2 - f + 496. Let v be m(0). Calculate the greatest common divisor of 31 and v.
31
Suppose 0 = -69*k + 71*k - 176. Calculate the greatest common factor of 8 and k.
8
Suppose 2*k + 20 = -3*k, -s = 6*k + 19. Calculate the highest common factor of 1055 and s.
5
Let n = -7213 - -7239. Suppose 5*s + 5*b + 15 = 0, 5 + 10 = -3*b. Calculate the highest common divisor of n and s.
2
Let l be 2 + -72 - (-2)/2. Let x = -39 - l. Let u = 162 - 150. Calculate the highest common factor of x and u.
6
Suppose 0 = 3*q - c - 53, 37 = q + q + c. Let o be 466/9 + 4/q. Suppose o = 2*x + 4*s, -3*x - 3*s = s - 84. Calculate the greatest common divisor of 48 and x.
16
Let i = -107 - -123. What is the highest common divisor of 36 and i?
4
Suppose 4*l = 17 + 31. Suppose -300 = -19*n + 4*n. What is the highest common factor of l and n?
4
Let m = 195 + 5. What is the highest common divisor of m and 125?
25
Let d(t) = -t**3 + 11*t**2 + 13*t - 8. Let g be d(9). Let a = -631 + g. Let v be (-20)/(-70) + a/(-14). Calculate the greatest common divisor of 65 and v.
13
Let d be 2/8 + 2375/20. Let n be -27 - -24 - 1*-1*108. Suppose 4*p - 76 = 2*k, -7*p + 2*p = -5*k - n. Calculate the highest c